 and 3026331.
231
Calculate the highest common divisor of 2318 and 8531.
19
What is the highest common factor of 46517 and 3341?
257
What is the greatest common divisor of 11 and 12394492?
11
Calculate the greatest common divisor of 731 and 843445.
43
What is the greatest common divisor of 34021 and 962?
13
What is the greatest common divisor of 10777 and 312?
13
Calculate the greatest common factor of 9937 and 8891.
523
What is the highest common factor of 29 and 291769?
29
Calculate the highest common factor of 7645 and 11880.
55
Calculate the highest common divisor of 667571 and 151.
151
Calculate the greatest common factor of 54 and 44010.
54
Calculate the highest common divisor of 760 and 2850.
190
Calculate the greatest common divisor of 18225 and 45.
45
Calculate the highest common divisor of 340443 and 467.
467
Calculate the highest common factor of 1155 and 38577.
231
Calculate the greatest common factor of 15677 and 427.
61
What is the greatest common divisor of 170 and 725084?
34
Calculate the greatest common factor of 941352 and 12.
12
What is the greatest common divisor of 162 and 122280?
6
What is the greatest common divisor of 47929 and 1503?
167
What is the greatest common factor of 54 and 55620?
54
Calculate the greatest common factor of 2117 and 91814.
29
Calculate the highest common divisor of 14172 and 3012.
12
Calculate the highest common divisor of 72716 and 170660.
1484
Calculate the greatest common factor of 208 and 24830.
26
What is the greatest common divisor of 6 and 134286?
6
What is the greatest common factor of 216 and 29916?
108
What is the greatest common factor of 783144 and 2980?
596
Calculate the highest common divisor of 3190 and 870.
290
Calculate the highest common factor of 9317 and 56.
7
Calculate the highest common factor of 4342 and 2839.
167
Calculate the highest common factor of 125 and 32500.
125
Calculate the highest common divisor of 17661 and 63.
21
What is the highest common divisor of 18 and 1898973?
9
Calculate the greatest common factor of 55 and 22352.
11
What is the greatest common factor of 105698 and 82?
82
What is the greatest common divisor of 2701123 and 62?
31
Calculate the greatest common factor of 1440 and 3177.
9
What is the highest common factor of 479458 and 70?
14
Calculate the highest common divisor of 672 and 46641.
21
What is the greatest common divisor of 32148 and 72?
36
What is the highest common factor of 5713 and 5?
1
Calculate the highest common divisor of 26158 and 2255.
451
What is the highest common factor of 144 and 1325880?
72
Calculate the highest common factor of 1120 and 3290.
70
What is the highest common factor of 68502 and 1274?
98
Calculate the greatest common divisor of 9 and 61233.
3
What is the greatest common divisor of 16 and 50896?
16
Calculate the highest common factor of 32001 and 51.
3
Calculate the greatest common divisor of 115526 and 282.
94
Calculate the highest common factor of 16974 and 792.
18
Calculate the greatest common factor of 2 and 17920.
2
What is the highest common factor of 68975 and 155?
155
What is the greatest common factor of 948 and 566588?
316
What is the greatest common factor of 10793 and 17821?
251
Calculate the greatest common factor of 397905 and 246.
123
Calculate the greatest common divisor of 48257 and 82.
41
What is the highest common divisor of 576 and 58356?
36
Calculate the greatest common divisor of 61 and 62586.
61
Calculate the greatest common divisor of 32 and 1424.
16
What is the highest common factor of 134939 and 154?
7
Calculate the greatest common factor of 24 and 1770036.
12
Calculate the greatest common divisor of 7328 and 110836.
916
Calculate the greatest common divisor of 27152 and 112.
16
Calculate the greatest common divisor of 52 and 2812.
4
Calculate the greatest common divisor of 40 and 2440.
40
What is the greatest common factor of 7819 and 34627?
1117
Calculate the highest common factor of 384 and 49362.
6
Calculate the highest common factor of 22462 and 22.
22
Calculate the greatest common divisor of 19 and 7087.
19
What is the highest common divisor of 152 and 7404756?
76
What is the highest common factor of 239 and 1983700?
239
Calculate the highest common divisor of 11783 and 19.
1
What is the highest common divisor of 55605 and 2640?
165
Calculate the greatest common divisor of 14175 and 3.
3
What is the highest common divisor of 1360 and 205020?
340
What is the highest common divisor of 1088 and 1292?
68
Calculate the highest common divisor of 29890 and 1470.
490
What is the highest common divisor of 57 and 30818?
19
Calculate the greatest common factor of 217 and 959.
7
What is the highest common divisor of 72 and 183618?
18
Calculate the highest common factor of 1 and 15661.
1
What is the highest common divisor of 161 and 700?
7
Calculate the highest common divisor of 72009 and 7812.
63
Calculate the greatest common factor of 215 and 53500.
5
Calculate the greatest common divisor of 100 and 26575.
25
What is the greatest common factor of 20 and 2488670?
10
What is the highest common divisor of 965428 and 76?
76
Calculate the highest common divisor of 65 and 10972.
13
What is the greatest common divisor of 146 and 31609?
73
What is the highest common factor of 101572 and 20?
4
What is the greatest common divisor of 27459 and 226?
113
Calculate the highest common divisor of 25 and 317225.
25
Calculate the highest common divisor of 29574 and 3498.
318
What is the highest common divisor of 78755 and 190?
95
Calculate the highest common divisor of 3176 and 24217.
397
Calculate the highest common factor of 10530 and 539370.
1170
What is the greatest common factor of 800 and 27424?
32
What is the greatest common divisor of 10 and 7430?
10
What is the greatest common factor of 8875 and 1375?
125
What is the greatest common divisor of 206 and 15450?
206
What is the highest common factor of 112 and 5568?
16
What is the highest common factor of 69140 and 9580?
20
What is the highest common factor of 459 and 216?
27
Calculate the highest common factor of 73 and 806.
1
What is the highest common factor of 34 and 81821?
17
Calculate the greatest common factor of 3519 and 1080724.
391
Calculate the greatest common divisor of 102 and 1044378.
102
Calculate the highest common factor of 600685 and 760.
95
What is the greatest common factor of 152 and 85538?
38
Calculate the highest common divisor of 468114 and 66.
6
Calculate the highest common factor of 47280 and 25080.
120
Calculate the highest common factor of 150190 and 2760.
230
What is the greatest common divisor of 2292 and 367293?
573
Calculate the greatest common factor of 215 and 1385.
5
Calculate the highest common factor of 2060 and 12980.
20
Calculate the highest common divisor of 30 and 113595.
15
Calculate the highest common factor of 10089 and 51153.
177
What is the highest common divisor of 130 and 200?
10
Calculate the highest common factor of 429893 and 69.
23
What is the highest common factor of 66832 and 304?
16
What is the highest common factor of 64 and 1168448?
64
What is the highest common divisor of 702 and 31167?
9
What is the greatest common factor of 18212 and 8?
4
What is the greatest common factor of 520 and 202480?
40
Calculate the highest common factor of 32856 and 37.
37
What is the highest common factor of 30 and 597345?
15
What is the greatest common divisor of 1508107 and 283?
283
Calculate the greatest common factor of 2175 and 7569.
87
Calculate the greatest common factor of 234 and 305552.
26
Calculate the greatest common factor of 90 and 5547645.
45
What is the highest common divisor of 209 and 14498?
11
What is the highest common factor of 224 and 18970?
14
What is the highest common factor of 16 and 48536?
8
What is the highest common factor of 552216 and 798?
798
Calculate the highest common divisor of 441632 and 20128.
1184
Calculate the highest common factor of 88856 and 232.
232
Calculate the highest common factor of 7154 and 41537.
73
Calculate the highest common divisor of 908234 and 5126.
466
What is the greatest common factor of 41 and 16769?
41
What is the highest common factor of 32 and 200672?
32
What is the greatest common divisor of 245148 and 1860?
372
What is the highest common factor of 64 a